{"id":1792,"date":"2019-06-28T08:30:41","date_gmt":"2019-06-28T08:30:41","guid":{"rendered":"https:\/\/bae2.de\/?page_id=1792"},"modified":"2019-08-15T11:18:56","modified_gmt":"2019-08-15T11:18:56","slug":"minipins","status":"publish","type":"page","link":"https:\/\/bae2.de\/ko\/jugendliche\/minipins\/","title":{"rendered":"Minipins"},"content":{"rendered":"<h2><\/h2>\n<h3>Minipins<\/h3>\n<p>\nDie Minipins sind kleine Pins, welche am Gaumen und auch in anderen Bereichen des Kiefers befestigt werden, um bestimmte Behandlungsvorg\u00e4nge effizienter und ohne Nebenwirkungen durchzuf\u00fchren. Eine Voraussetzung f\u00fcr den Einsatz der Minipins ist eine gute Mundhygiene. Einsatzbereiche sind:<\/p>\n","protected":false},"excerpt":{"rendered":"<p>Minipins Die Minipins sind kleine Pins, welche am Gaumen und auch in anderen Bereichen des Kiefers befestigt werden, um bestimmte [&hellip;]<\/p>\n","protected":false},"author":3,"featured_media":0,"parent":1770,"menu_order":4,"comment_status":"closed","ping_status":"closed","template":"","meta":{"_acf_changed":false,"footnotes":""},"class_list":["post-1792","page","type-page","status-publish","hentry"],"translation":{"provider":"WPGlobus","version":"3.0.2","language":"ko","enabled_languages":["de","en","ko"],"languages":{"de":{"title":true,"content":true,"excerpt":false},"en":{"title":false,"content":false,"excerpt":false},"ko":{"title":false,"content":false,"excerpt":false}}},"acf":[],"_links":{"self":[{"href":"https:\/\/bae2.de\/ko\/wp-json\/wp\/v2\/pages\/1792","targetHints":{"allow":["GET"]}}],"collection":[{"href":"https:\/\/bae2.de\/ko\/wp-json\/wp\/v2\/pages"}],"about":[{"href":"https:\/\/bae2.de\/ko\/wp-json\/wp\/v2\/types\/page"}],"author":[{"embeddable":true,"href":"https:\/\/bae2.de\/ko\/wp-json\/wp\/v2\/users\/3"}],"replies":[{"embeddable":true,"href":"https:\/\/bae2.de\/ko\/wp-json\/wp\/v2\/comments?post=1792"}],"version-history":[{"count":0,"href":"https:\/\/bae2.de\/ko\/wp-json\/wp\/v2\/pages\/1792\/revisions"}],"up":[{"embeddable":true,"href":"https:\/\/bae2.de\/ko\/wp-json\/wp\/v2\/pages\/1770"}],"wp:attachment":[{"href":"https:\/\/bae2.de\/ko\/wp-json\/wp\/v2\/media?parent=1792"}],"curies":[{"name":"wp","href":"https:\/\/api.w.org\/{rel}","templated":true}]}}

<h2></h2>
<h3>Minipins</h3>
<p>
Die Minipins sind kleine Pins, welche am Gaumen und auch in anderen Bereichen des Kiefers befestigt werden, um bestimmte Behandlungsvorgänge effizienter und ohne Nebenwirkungen durchzuführen. Eine Voraussetzung für den Einsatz der Minipins ist eine gute Mundhygiene. Einsatzbereiche sind:</p>
